)/(-18). Let y(j) = t*c(j) + 11*v(j). Calculate y(3).
-7
Let t(q) = -q**3 - 5*q**2 - 4*q - 2. Let x be (-1 - -3)/(1/(-2)). Calculate t(x).
-2
Let j(m) = m**2 + 6*m + 5. Let o be j(-5). Let x(l) = 2*l**3 + l**2 + 2*l - 9. Let r(s) = s**3 + s - 1. Let a(p) = 3*r(p) - x(p). Determine a(o).
6
Let g = -1 + 1. Let p(q) = -q**3 - q - 1. Let v(a) = -2*a**3 - 3. Let j(u) = p(u) - v(u). What is j(g)?
2
Let d(c) be the second derivative of c**4/12 + c**2/2 - 3*c. Let a(u) = u**3 + 5*u**2 + u. Let t(w) = a(w) + d(w). Calculate t(-6).
-5
Let u = -17 + 13. Let l(k) = -k**2 - 2*k - 4. Determine l(u).
-12
Let a(q) = q - 6. Let s(n) = -6. Let r(z) = -2*a(z) + 3*s(z). Let d(t) = 11*t - 61. Let m be d(5). Determine r(m).
6
Let l = -7 + 9. Let q(f) = 5 - 3*f**2 + l*f**2 + 4*f + 3*f - 2*f. Let u be ((-2)/(-4))/(2/20). What is q(u)?
5
Let l(h) = -h**2 + 5*h - 2. Suppose 4*b = -i + 16, -2*b + 4*i = -0*b - 26. Suppose 0*j = b*j - 25. What is l(j)?
-2
Let r = -4 - -8. Let c be (-33)/(-27) - 2/9. Let d(n) = 0*n**3 - 4*n**3 + 3*n**3 - 2 - c + r*n**2 - n. Give d(3).
3
Suppose -b + 4 = b. Let t(v) = -5*v - 4*v**2 - v**2 + 3 + 6*v**b. Let y = 4 + 1. Determine t(y).
3
Let l(p) be the third derivative of -p**6/120 + p**5/12 + 7*p**4/24 - 4*p**3/3 + 21*p**2. Determine l(6).
-2
Let h(s) = -3*s**2 + 3*s + 4. Suppose -3*i = -3*k + 5*k - 5, 2*i = -4*k - 2. Determine h(i).
-14
Suppose 4*n - 28 = 7*j - 3*j, 5 = -3*j - 5*n. Let u(g) = 2*g - 7. Determine u(j).
-17
Let x be (0/1)/(-7 + 9). Let q be (x - 1) + (-35)/(-7). Let y(m) = 3*m - 6. What is y(q)?
6
Let r(d) = 2*d + 23. Let c be r(-7). Let b(w) = w**2 - 10*w + 7. Calculate b(c).
-2
Let z be 46/3*(-15)/10. Let o = -26 - z. Let y(h) = 3*h + h - 6*h + 3. Give y(o).
9
Suppose 40 = 4*t + 5*n, -t = 3*t - 5*n. Suppose 0 = 2*x - t*x. Let s(k) = -3 - 2 + k**3 + 2 + x*k + 4*k + 6*k**2. Determine s(-5).
2
Let v(i) = 2*i + i**2 - 3 + 8*i**2 - 8*i**2. Let u be 2/(-6) - 14/(-6). Give v(u).
5
Let f(r) be the first derivative of r**4/12 - r**3/6 - r**2/2 - r + 2. Let h(z) be the first derivative of f(z). What is h(0)?
-1
Let p(a) be the first derivative of a**3/3 + 2*a**2 - 5*a - 24. Let w(l) = -l - 1. Let f be w(5). Give p(f).
7
Let c(l) be the third derivative of -l**5/120 - 5*l**3/6 - l**2. Let q(a) be the first derivative of c(a). Determine q(-1).
1
Let n = 9 - 13. Let s(k) = 2*k + 5. Give s(n).
-3
Suppose 4 = 5*k + 9. Let t(w) be the third derivative of w**5/24 + w**4/24 - w**3/3 - w**2. Let i(d) be the first derivative of t(d). Calculate i(k).
-4
Let t(z) be the second derivative of z**4/24 - 7*z**3/6 - 3*z**2/2 - 2*z. Let d(s) be the first derivative of t(s). Calculate d(5).
-2
Let i(p) = 14*p**2 - 35*p + 15. Let q(n) = -5*n**2 + 12*n - 5. Let j(a) = -6*i(a) - 17*q(a). What is j(-5)?
-10
Let r(f) = f**3 - 4*f**2 - f + 1. Suppose -h + 4*t + 23 = 0, 2*h + 4 = -5*t + 3*t. Calculate r(h).
-11
Let w = -113 - -63. Let j be w/18 - (-4)/(-18). Let q(h) = h**3 + 5*h**2 + 4*h + 1. Calculate q(j).
7
Let x = 9 + -7. Let d(m) = 5 + m**2 - 4 + 0*m**x. Determine d(1).
2
Let l(j) = 3*j - 3. Let d(m) = 2*m - 4. Let c(w) = 6*d(w) - 5*l(w). Give c(-6).
9
Let j(c) = -3 - 4*c**2 + 0*c**2 + c + c**3 + c**2. Suppose 0 = k + 4*n + 17, -5*n = -2*k - k + 34. Calculate j(k).
0
Let h be 7 - 6 - 6/(-2). Suppose p + 0 = 2. Let i(a) = -2 + 1 + p*a + 2. Give i(h).
9
Let n(h) be the first derivative of h**2 + 3*h + 19. Determine n(-2).
-1
Let k(h) be the first derivative of -h**2/2 - 9*h + 1. Let m be 1 + -1*-2*1. Suppose 4*g + 13 + m = 0. Calculate k(g).
-5
Let f(x) = -13*x**3 + x**2 + x - 1. Let k(m) = 2*m**2 - 6*m + 6. Let z be k(4). Let v = z - 13. Give f(v).
-12
Let k(a) be the second derivative of 2*a + 1/8*a**4 + 1/2*a**2 - 2/3*a**3 - 1/120*a**6 - 1/30*a**5 + 0. Let g(w) be the first derivative of k(w). Give g(-3).
-4
Let y = -33 - -17. Let z = y - -19. Let o(u) = -4*u - 3*u + 2 + 2*u. Determine o(z).
-13
Let h(n) = n + 3. Let b = 2 - 2. Let d be h(b). Suppose 0 = j + 4*l - 11, 5*j + 2*l - 4 = d*j. Let g(y) = 8*y**3 + 2*y**2 + y. What is g(j)?
-7
Suppose -c + 4 = 2*n, 3*c - 2*c - 12 = -4*n. Let u(d) be the third derivative of 0*d - d**3 - d**2 + 0 - 1/24*d**n. What is u(0)?
-6
Let c = 2 + 2. Let r(a) = -a**2 + 6*a - 4. Let k be r(c). Let s(b) = -b**3 + 4*b**2 - 3. Calculate s(k).
-3
Let g(x) = 0*x - 8*x + 6*x. Let f be g(2). Let j(y) = -y**2 - 2*y + 2. Determine j(f).
-6
Let r(g) = 7*g**3 + 7*g - 16. Suppose -f + 30 = -4*c - 3*f, -4*c - 5*f = 39. Let y(q) = -15*q**3 - 15*q + 33. Let l(u) = c*y(u) - 13*r(u). Give l(0).
10
Let x(p) be the second derivative of p**6/360 - p**4/4 - 2*p. Let i(t) be the third derivative of x(t). Give i(2).
4
Let p(a) = -a**3 - 5*a**2 + a - 7. Let n = 15 + -20. Give p(n).
-12
Suppose 4*b + 3*c - 21 = 0, -2*b - 2 = -4*c + 4. Let d(v) = 5*v + 0*v - 3*v + v**2 + 1 + 4*v**b + 0*v**2. Determine d(-1).
-4
Let z(v) be the first derivative of -1/2*v**2 - 2*v + 1. Determine z(-5).
3
Suppose 5*k = 6*k + 4. Let t(s) = -s**3 - 4*s**2 - s + 1. Give t(k).
5
Let o(p) = 2*p**2 + 12 - 7*p - 14 - 6*p**2 + 3*p**2. What is o(-5)?
8
Let m be 1 + -9 + -3 + 2. Let p = -7 - m. Let l(v) = 1 - 4 + 2 + p*v - 5*v**2. Calculate l(1).
-4
Suppose -3*s - 4 = -s. Let h(f) = f**3 + f**2 - 2*f - 1. Calculate h(s).
-1
Let u(d) = -d**3 - 4*d**2 + 2*d + 3. Suppose -20 = -4*k + 4*y - 0, -4*y = -5*k + 20. Suppose 9 = -k*s - 3*s. What is u(s)?
-12
Let v(n) be the third derivative of n**5/60 - n**4/8 - n**3/6 - 6*n**2 - n. Calculate v(-2).
9
Let s(j) = 6*j - 1 + 0 + j**2 + 6. Let z be -6 + 0*(1 + -2). Give s(z).
5
Let s be -2*6/(-16)*-24. Let x be 87/18 - 3/s. Let n(c) = 7*c + x - 3*c + c**2 + 4*c + 0. Determine n(-5).
-10
Let a(t) = -4*t. Let p(h) = h**3 + 4*h**2 + 4*h + 4. Suppose -2 = -2*u - 4*q, -5*q - 2 = 5*u + 3. Let c be p(u). Determine a(c).
-4
Let i(x) be the second derivative of 2/3*x**3 + 0 - x - 1/20*x**5 + 1/3*x**4 + 7/2*x**2. Give i(5).
2
Suppose l + 4*l - 25 = 0. Let i(u) = l*u**2 + 2*u + 9*u + 1 - 4*u - u**3. What is i(6)?
7
Let a(g) = g**3 + 6*g**2 - 8*g + 6. Let d be 4/(-14) + (-329)/49. Determine a(d).
13
Let p(y) = -6*y**2 + 10. Let n(z) = 7*z**2 - z - 11. Let u(w) = -5*n(w) - 6*p(w). What is u(-6)?
1
Let m(n) = n + 1. Let x(f) = f**2 + 3*f + 2. Let z(o) = -4*m(o) - x(o). Let l = -17 + 11. Determine z(l).
0
Suppose t + 5 + 4 = 3*w, 3*w - 2*t = 12. Let k be -1*-2*(w + -1). Let c(q) = 0*q**2 + 0*q**2 + 3 + q**k + 0. What is c(0)?
3
Let b(v) be the second derivative of -v**3/6 - 5*v**2/2 + 3*v. Let i(a) = 2*a + 10. Let s(q) = 13*b(q) + 6*i(q). What is s(0)?
-5
Let h(d) = -d + 1. Let f(t) = -t**3 + 9*t**2 - 8*t + 2. Let k be f(8). Let m(x) = -3*x + 4. Let o(q) = k*h(q) - m(q). Give o(2).
0
Let s(o) = -o**2 + 5*o - 4. Suppose -6*f + 16 = -14. Give s(f).
-4
Let g = 7 - 5. Let d(p) = p**g - 2 + 0 + 2 - 1. What is d(2)?
3
Suppose 3*g - 3*q = -0*g + 12, -14 = -3*g + 4*q. Let x(v) = 3*v**2 - v - 2. Give x(g).
8
Let p(h) be the third derivative of 1/6*h**3 + 0*h + 1/8*h**4 + 0*h**5 + 0 - 1/120*h**6 - 5*h**2. Give p(-2).
3
Suppose -4*j - j = -10. Let r(s) = 11*s - 3. Determine r(j).
19
Let k = -28 + 30. Let i(h) = h**2 - 2*h + 1. Give i(k).
1
Let o(f) = 13*f**3 - f. Suppose s + 2*t - 11 = -2*s, 0 = -5*s - 3*t + 17. What is o(s)?
12
Let t(r) = -r**2 + 6*r + 6. Let l be t(6). Let n be ((-35)/(-21))/(2/l). Let s(a) = -a + 2. Determine s(n).
-3
Let u(i) = -i**2 - i + 1. Suppose 0 = -0*q - 5*q. Calculate u(q).
1
Suppose 0 = 2*o, -i = -0*o - 2*o - 5. Let f(g) = 2 + 9 - g - 2*g + 2*g. Determine f(i).
6
Let d(v) = v - 2. Let m be d(0). Let u be (m/(-2) + -1)*-1. Let o(a) = a + 6. Calculate o(u).
6
Let t = 7 + -5. Let x(d) = -2 + t - 2*d - 2. Let r be x(-4). Let b(l) = l**3 - 5*l**2 - 5*l - 2. Give b(r).
4
Let i(h) = 2*h**2 + 3*h + 3. Suppose -5*g + 21 = 4*r - 2*r, r - 4*g = -22. Determine i(r).
5
Let w(x) = -x + 9. Suppose -7*i + 9 = -19. What is w(i)?
5
Let f(k) = -13*k**3 + 5*k**2 + 7*k - 5. Let u(b) = -13*b**3 + 4*b**2 + 6*b - 4. Let g(t) = -5*f(t) + 6*u(t). What is g(-1)?
12
Let f(n) = -2 + 15*n - 14*n - 4. Give f(3).
-3
Let h(m) = m - 6. Let k be h(5). Let a(t) = -1. Let c(q) = 2*q - 7. Let r(l) = k*c(l) + 5*a(l). Calculate r(-3).
8
Let y(j) = -2*j + 6. Let x(b) = 1. Let s(m) = 8*x(m) - y(m). Let k be (8/(-6))/((-8)/(-24)). Give s(k).
-6
Let u = 1 + 1. Let p(z) be the